 the greatest common divisor of 7 and j?
7
Let y be (-10)/4*((-342)/30 + 5). Let u = -89 + 137. What is the greatest common factor of u and y?
16
Let z(i) = 6*i**2 - 4*i + 7. Let x be z(2). Let p be (-3 + 1 - 56)/2. Let h = 52 + p. Calculate the highest common factor of x and h.
23
Let k = 28 + -10. Let r = 166 - 154. Calculate the greatest common factor of r and k.
6
Let o = 102 - 96. Suppose -3*c + 114 = 2*z, 8*c + 2*z - 74 = o*c. Calculate the greatest common factor of 30 and c.
10
Let z = -82 + 149. Suppose -2*o + 11 = -5*t - 72, -5*t - 2*o - z = 0. Let y = t + 34. What is the greatest common factor of y and 209?
19
Let x(r) = -r**2 - 6*r + 8. Let k be x(-6). Let v(h) = 9*h - 140. Let c be v(16). What is the greatest common divisor of k and c?
4
Let m(y) = -6*y + 1. Let c be m(-3). Let k = c - 8. Calculate the highest common factor of 121 and k.
11
Let q(p) = 11*p + 2. Let l be q(2). Suppose 5*o = -2 - 18, 4*t + o = 44. Calculate the greatest common divisor of l and t.
12
Let p = -63 + 59. Let z be (-44)/p*1 - 1. Calculate the greatest common divisor of z and 25.
5
Let g be 1/(-5) + (-5)/(-25). Suppose -3*w + 3*f = 6, -f - 3 = -4*w + 1. Let t = w - g. What is the highest common divisor of 3 and t?
1
Let s = 285 + -243. Calculate the highest common divisor of s and 105.
21
Suppose -4*u = -2*h - 0*h - 194, -3*u + 162 = 4*h. Let n = 31 - 15. Suppose -p + 2*m = -n, -5*p - m = m - 104. What is the highest common divisor of p and u?
10
Let p be ((-333)/(-36))/(2/8). Let v = 68 - p. Calculate the greatest common divisor of v and 248.
31
Let g(w) = w**3 + 5*w**2 - 2*w + 12. Let m be g(-6). Let l = m - -42. Calculate the greatest common divisor of 3 and l.
3
Let x be -15*((-6)/(-9) + -1). Suppose 0 = 3*a + 2*v - 185, 132 = 2*a + x*v + 16. What is the greatest common divisor of 9 and a?
9
Suppose -2*r + 2*c + 3*c + 207 = 0, 0 = r + 4*c - 71. What is the greatest common divisor of r and 28?
7
Suppose d = -y + 3*y - 150, 2*d = 3*y - 224. Suppose 0 = 3*p - 6 - 54. Let g be (-95)/p*(-5 - -1). What is the greatest common divisor of g and y?
19
Suppose 0 = 4*g - 2029 + 689. Calculate the greatest common factor of g and 268.
67
Suppose -2*v = 0, 6*v = -5*w + 2*v + 300. What is the greatest common divisor of 48 and w?
12
Let y = -16 + 56. Suppose -86 = -44*s + 134. What is the highest common divisor of s and y?
5
Let m(f) = f**2 - 3*f + 2. Let x be m(0). Suppose -k = -a + 16, 3*a = -0*a + x*k + 43. What is the highest common divisor of 88 and a?
11
Let y(u) = -8*u + 23. Let w be y(7). Let d = w - -39. Calculate the greatest common divisor of d and 24.
6
Let r = -26 - -35. Let i be ((-8)/(-36) - 2189/r)/(-1). What is the greatest common factor of i and 27?
27
Let m be -14 + 36 - 4*1. Suppose -2*l + m + 48 = 0. Calculate the highest common divisor of l and 132.
33
Suppose 14*y + 17 - 73 = 0. Let m = 8 - 4. Suppose y*a = 2*v - 56, 113 = m*v + v - a. Calculate the highest common divisor of v and 88.
22
Suppose -1 = -12*a + 11*a, 0 = -5*c + 4*a + 591. What is the highest common factor of c and 493?
17
Let v be ((-427)/(-28))/(1/(-4)). Let d = 82 - v. Calculate the greatest common divisor of 13 and d.
13
Suppose -4*n - 12 + 384 = 0. Suppose -4*h = g + 7, 2*g - g + 3*h = -9. Let x(q) = -5*q - 44. Let k be x(g). Calculate the greatest common factor of k and n.
31
Suppose -2*f = -74 + 2. Suppose 2*n - 36 = 3*s, -8 + f = 2*n - s. Let v(g) = g - 5. Let z be v(n). Calculate the greatest common factor of z and 14.
7
Let c(l) = 18*l + 5. Let x(b) = -b**3 + 6*b**2 - 5*b + 2. Let g be x(5). Let y be c(g). What is the greatest common divisor of y and 123?
41
Suppose -10*w = -7*w - 60. Let j = 30 - w. What is the highest common factor of j and 80?
10
Let q be (-594)/(-15) + (-2)/(-5). Suppose 0 = -i - i + q. Let g be (-6 - -7) + -1 - -10. Calculate the greatest common factor of i and g.
10
Let p be 23/(-4)*5/((-40)/64). Calculate the highest common divisor of 23 and p.
23
Let u be 10*(-72)/32*-2. Calculate the highest common factor of u and 120.
15
Let g be 27 + (5/(-10))/(1/(-2)). What is the greatest common divisor of 16 and g?
4
Suppose f = -5*o + 55, 0*o = 4*o + 4*f - 28. Let m be -32*-3*4/o. Calculate the highest common divisor of m and 160.
32
Suppose 0*x - 4*x + 28 = 0. Let u be 11 + (4 - 3) + -5. Calculate the highest common divisor of u and x.
7
Let g(i) = 83*i + 171. Let l be g(23). Calculate the highest common factor of 13 and l.
13
Suppose s - 170 = 2*n, -4*n + 140 = -s + 2*s. What is the greatest common divisor of 16 and s?
16
Let a = 72 - 48. Suppose f + a = 64. Suppose -4*t - 64 = -7*t + 2*j, 4*j = -t + f. Calculate the highest common divisor of t and 24.
24
Suppose 0 = 2*h - 4*h + 44. Suppose -w = -3*w + h. What is the greatest common divisor of 33 and w?
11
Suppose 4*y = 5*d + 78, -2*d + 28 = 3*y - 19. Let b(v) = 10*v**3 - 2*v**2 + 6*v + 2. Let w be b(3). Calculate the highest common divisor of y and w.
17
Suppose -6 = 4*d - 2*g, 4*d + g = 8*d + 7. Let r = -60 + 42. Let f = d - r. What is the greatest common divisor of f and 112?
16
Suppose -1080 = -11*s - 9*s. What is the highest common divisor of 918 and s?
54
Let c = -120 - -192. Let i be 7/(84/54)*2. Calculate the greatest common divisor of c and i.
9
Let g(z) = 7*z**2 + 49*z + 39. Let s(n) = 10*n**2 + 73*n + 59. Let o(b) = 7*g(b) - 5*s(b). Let v be o(-20). Calculate the greatest common divisor of 54 and v.
18
Let a = 734 - 389. What is the highest common divisor of a and 483?
69
Let v(b) = -7*b**2 + 143*b + 73. Let f be v(17). What is the highest common factor of 26 and f?
13
Let v = 77 + 12. Suppose 35 = -3*i + v. Suppose 2*f - 2 = 34. What is the highest common divisor of i and f?
18
Let t be (36/(-15))/(92/(-40) + 2). Let k be (-2)/t - (-340)/80. Calculate the greatest common divisor of 28 and k.
4
Let u(x) = -2*x - 5. Let b be u(-4). Let f = 34 + -32. Suppose 0*k - 5*k + 219 = b*d, f*d = 5*k - 204. What is the greatest common divisor of k and 28?
14
Let g = 62 + 146. What is the highest common factor of g and 48?
16
Let m(z) = 2*z**2 - 33*z + 3. Let k be m(17). What is the greatest common divisor of k and 10?
10
Let u be 8388/15 - 4/10*-2. Calculate the highest common factor of 35 and u.
35
Let b be 1/4 - 23/(-4). Let i(k) = -20*k + 512. Let p be i(25). Calculate the greatest common factor of b and p.
6
Let x(d) = -d + 1. Let p be x(-4). Suppose 4*h - 38 = p*t - 2*t, -3*h + 2*t = -29. Let v = 57 - 24. Calculate the highest common factor of h and v.
11
Let j = -18 - -43. Suppose -106*r - 190 = -125*r. What is the greatest common divisor of r and j?
5
Suppose 5*d + 4*s = 156 + 202, -5*s = -d + 89. What is the greatest common divisor of 518 and d?
74
Let j be 0*4/12 - 0. Suppose j = -g - 5*h + 31, -5*g - 2*h + 89 = h. Let r(d) = 3*d**2 - d - 2. Let i be r(-6). What is the highest common divisor of i and g?
16
Suppose 5*d = -4*a + 123, -4*d + 102 = 2*a - 0*a. Let v = 1590 - 1347. What is the greatest common factor of v and d?
27
Let o(j) = -j**2 + 16*j - 3. Let r(v) = 2*v**2 - 49*v + 7. Let b(c) = 8*o(c) + 3*r(c). Let s be b(-9). Calculate the greatest common factor of s and 54.
6
Let t(i) = 2*i**2 - 22*i - 112. Let w be t(15). Let c be 1/(-2)*-1*256. Calculate the highest common divisor of c and w.
8
Suppose 2*g - 36 = -2*g. Let n(t) = 3*t - 3. Let i be n(g). Suppose 21*k - 18 = 15*k. Calculate the highest common factor of i and k.
3
Let h = -59 + 63. Suppose l = -r + 30, -2*l - h*r + 7*r = -80. What is the highest common divisor of 51 and l?
17
Let g(w) = 6*w**2 + w. Let r be g(-2). Let a = 16 + -7. Suppose -14*k + a*k = -275. Calculate the highest common divisor of k and r.
11
Suppose -2*k = 5*t - 18, 2*t + 2 = 3*t. Calculate the greatest common divisor of 164 and k.
4
Let n(u) = -2*u + 104. Let h(w) = -w + 35. Let q(j) = 8*h(j) - 3*n(j). Let i be q(-18). What is the highest common divisor of 8 and i?
4
Suppose n + n - 88 = 0. Let r(z) = -z - 2. Let o be r(-4). Suppose -f = -o*f + 4*g + 106, -4*f - 4*g = -444. What is the greatest common divisor of f and n?
22
Let d = 571 + -409. What is the greatest common factor of d and 54?
54
Suppose -3*b - 3*q + 35 = 2*q, 0 = -5*b - 3*q + 85. Let r(s) = -28*s - 6. Let u be r(-2). Calculate the greatest common factor of b and u.
10
Let l(t) = t**3 + 3*t**2 -